Let v(a) = 6*a - 4 - 5*a - 2*a. What is v(t)?
-8
Let u(t) = t + 1. Let f be u(-2). Suppose -q = -3*m + 6, 4*m + q - 13 = 4*q. Let i(s) = -10*s + 4*s - 3*s - m. Determine i(f).
8
Let c(p) = -9*p + p**2 - 4 - 7 - 1 + 17. Give c(5).
-15
Let g(o) = o + 2*o**3 + 4 + 0 - 3*o**2 - 5. Let u(i) = -i**2 + 8*i + 2. Let w be u(8). Suppose -a + 4*r = -14, -w*a - 7*r = -2*r + 11. What is g(a)?
5
Let k(x) = -5*x**3 + 8*x**2 - 15*x + 2. Let g(r) = 3 - r**3 + 4*r**2 - 2*r**3 - 2 - 5*r - 3*r. Let s(m) = 7*g(m) - 4*k(m). Determine s(-5).
4
Let j(q) = -q. Let y(n) = n + 6. Let u = 6 - 11. Let s be y(u). Give j(s).
-1
Let i(r) = -16*r**3 + 4*r**2 - 3*r + 3. Let v(o) = -o**3 + o**2 - o + 1. Suppose -3*k - 5 = 2*k. Let b(s) = k*i(s) + 3*v(s). Give b(1).
12
Let c(q) = -q**3 - 2*q**2 + q. Suppose -5*b = s + 2*s, 4*b + 2*s + 2 = 0. Calculate c(b).
6
Let o(q) = 3*q**2 + 8*q + 8. Let t(v) = -1. Let r(d) = -d**2 - 3*d - 8. Let w(x) = -r(x) + 5*t(x). Let g(n) = -4*o(n) + 11*w(n). What is g(0)?
1
Let f(a) = -a**2 - 4*a - 2. Let w be (-1 - -1) + 1 - (-7 + 10). Calculate f(w).
2
Let f(s) be the second derivative of -s**4/12 + s**3/6 - 3*s**2/2 - s. Suppose -5*i + 8 = 4*a, -3*a + 7 = 3*i + 1. Calculate f(i).
-3
Suppose 2*k + k = 12. Suppose r = -2*w + 9, 2*r + 2*r = 5*w - 42. Let s(j) = j + 11*j**2 + k - w*j**2 - 6*j**2. Determine s(4).
-8
Let z(h) = -h**3 + 0*h**3 - 3 + 4*h**2 - h + 6*h. Let u be 4/(-16) - 21/(-4). Determine z(u).
-3
Let d(v) = 3*v - v**2 - 3 + 0*v**2 + 0*v**2. Calculate d(2).
-1
Let m(i) = 10*i**3 - 5*i**2 - 7*i + 22. Let x(r) = -7*r**3 + 3*r**2 + 5*r - 15. Let p(f) = -5*m(f) - 7*x(f). Let q = 5 + -1. What is p(q)?
-5
Let l(m) be the second derivative of -m**3/6 + m**2/2 - 10*m. Determine l(-6).
7
Let c(v) = 7*v**3 + 3*v**2 - 4. Let u(h) = -8*h**3 - 4*h**2 + 5. Let k(d) = -4*c(d) - 3*u(d). Suppose f - 2 + 1 = 0. Determine k(f).
-3
Let j(n) = -n**3 - 9*n**2 - 7*n - 11. Let m be 7/(28/(-40)) - (-3 + 1). Determine j(m).
-19
Let m(y) be the third derivative of -y**5/4 - 5*y**2. Give m(1).
-15
Let o(z) = 5 + 6 - 7 + 6*z - 5*z - 3*z**2. Determine o(2).
-6
Let p(k) = -k**2 + 7*k - 5. Let n be p(4). Let f = n - 3. Let u(z) = z**2 - 8*z + 3. Let d(a) = a. Let h(i) = 2*d(i) + u(i). Determine h(f).
-5
Let b be (10/(-15))/(4/12). Let d be 1/(-3) + 4/3. Let a(l) = -1 - l - 2 - d. Calculate a(b).
-2
Let a(p) be the second derivative of -2*p + 0 + 1/60*p**5 - 2/3*p**3 + 0*p**2 - 1/4*p**4. Let w(h) be the second derivative of a(h). Determine w(6).
6
Let w(p) be the second derivative of -p**8/1120 + p**7/2520 - p**6/720 - p**5/120 - p**4/12 - p. Let a(q) be the third derivative of w(q). What is a(-1)?
7
Let f(a) = a**2 - 6*a + 5. Let z be f(4). Let c(u) = -u. Let m(d) = 3*d. Let l(k) = 6*c(k) + m(k). Give l(z).
9
Let l = 0 - -1. Let g(o) = -o - l - 4 + 2*o. Let w be 6/5*(-20)/(-6). Calculate g(w).
-1
Let m(c) = -c - 5. Let a be m(-8). Let p(i) = 2 - 1 - 1 + 1 + i. Determine p(a).
4
Suppose r = 5*r - 24. Let y(s) = -s**2 + 3*s + 3. Let f be y(3). Let g(m) = -2*m - 5. Let j(d) = -d - 6. Let z(n) = f*g(n) - 4*j(n). Give z(r).
-3
Suppose -38 = 6*h - 2. Let b(s) = s**3 + 6*s**2 + 4*s + 3. Give b(h).
-21
Let p = -11 - -6. Let z(y) = y**3 + 5*y**2 - 2*y - 7. What is z(p)?
3
Let a be (-1)/(2 - 1)*3. Let o(u) = u**2 - 4 - 1 - 2 + 4. Calculate o(a).
6
Let h(r) be the third derivative of 0 - 1/6*r**3 - 1/24*r**4 + 0*r + r**2. Give h(4).
-5
Let j(k) be the third derivative of -k**5/60 - 5*k**4/24 + k**3/6 + 4*k**2. Let t(m) = m**2 + 10*m + 12. Let d be t(-8). Calculate j(d).
5
Let i(u) = -1 - 2*u**2 - 1 + 3*u**2 + 3*u. Let t be i(-3). Let v(n) = 2*n**3 + 2*n**3 - 3*n**3 - 3*n + n. Calculate v(t).
-4
Let m(a) = -a**3 + 2*a**2 + 14*a + 3. Let s(r) = r**2 + r. Let h(z) = m(z) - 6*s(z). Calculate h(-5).
-12
Let f(s) = s**2 + 6*s + 5. Let b be f(-5). Let a(p) = 4*p - 5*p - 4 - 10. Determine a(b).
-14
Let u(m) be the third derivative of -m**6/120 + m**5/15 + m**4/4 - 2*m**3/3 + 2*m**2. Suppose -40 = -4*w + 8. Let g = w - 7. Determine u(g).
1
Let k(l) = l**3 + 6*l**2 + 6*l + 5. Let s = 7 + -13. Let h(x) = 6*x**2. Let o be h(-1). Let i be (-2)/s - 32/o. Calculate k(i).
0
Let q(v) be the second derivative of -v**5/20 - v**4/3 + 5*v**3/6 - 7*v**2/2 - v. Let s = 19 + -24. Give q(s).
-7
Suppose -10 = -5*p + 5. Let x = 18 + -11. Suppose p*o + k + 5 = 0, -o + 5*k = -0*o + x. Let w(q) = -q**3 - 6*q**2 - 4*q - 3. Calculate w(o).
-11
Let a(d) = -2*d + 9. Let v be a(7). Let j(p) be the first derivative of -p**3/3 - 2*p**2 + 7*p - 5. What is j(v)?
2
Let d = 2 - 6. Let j(y) = 2*y + 8. Let a(b) = -6*b - 25. Let w(o) = -2*a(o) - 7*j(o). Determine w(d).
2
Let f(c) = 4*c + 0 - 2*c - c**2 - 5*c - 2. Let y = 5 + -9. Give f(y).
-6
Let s(c) be the third derivative of -c**9/60480 - c**8/20160 + c**7/5040 - c**6/720 + c**5/20 + 4*c**2. Let l(d) be the third derivative of s(d). Give l(1).
-2
Let j be (15/25)/(1/5). Let n = j + -2. Let z(v) be the third derivative of v**4/12 + v**3/6 + 4*v**2. Determine z(n).
3
Let o = -3 - -6. Suppose 3*i = 5*h - 20, 7*h = o*i + 3*h + 16. Suppose -4*d = -2*q - i*q - 18, 0 = 5*d + 4*q + 10. Let a(m) = m + 2. What is a(d)?
4
Suppose 2*t = -7*t + 27. Let a(y) = y**3 - 4*y**2 + 5*y - 3. Calculate a(t).
3
Let j(p) be the second derivative of -p**3/3 - 3*p**2 + p. What is j(-4)?
2
Let j(u) = u**2 + 0*u**2 - 12*u + 13*u. Let o(q) = q**2 + 3*q - 1. Let w be o(-3). What is j(w)?
0
Let n(o) = o**2 - 7*o + 7. Let k = -99 + 106. Determine n(k).
7
Let y(w) = 5 - 3*w**2 - 2*w + 0*w**2 - w + 4*w**2. What is y(4)?
9
Let z(t) be the first derivative of -3*t**2/2 + 9. Give z(1).
-3
Let f(b) = -2*b**3 - 11*b**2 + 11*b - 8. Let z(n) = -n**3 - 6*n**2 + 6*n - 4. Let o(a) = 6*f(a) - 11*z(a). Let m = 1 + -1. Determine o(m).
-4
Let p(v) = -5 + 94*v - 92*v + 2*v**2 - v**3 + 3*v**2. Determine p(4).
19
Let l(o) = -o**3 + 5*o**2 - o + 7. Let a(k) = -k**2 + 10*k + 3. Let y be a(10). Suppose y*g - 6*g = -15. What is l(g)?
2
Let w(h) be the second derivative of -h**3/3 + h**2/2 - h. Suppose -m + 5*i = -9, -3 = -4*i - 7. Calculate w(m).
-7
Let n(p) = -p**3 - p**2 + p. Let o(l) = -l**3 - l**2 - 1. Let y = 1 - 2. Let r be o(y). Let z be 4*r/(-2) - 1. Calculate n(z).
-1
Let k(y) be the third derivative of y**5/60 + y**4/6 + 5*y**3/6 + 11*y**2 - 4. Give k(-4).
5
Let s(p) = 5*p**2 + 3*p + 3. Let q(x) = -14*x**2 - 10*x - 9. Let r(b) = -4*q(b) - 11*s(b). Determine r(-5).
-7
Let s(v) = -v**3 + 4*v**2 - 2. Let j(l) = l. Let t be j(0). Suppose -2*i = -8, t = -4*f + i + 17 - 5. What is s(f)?
-2
Let z(f) be the third derivative of f**7/1008 + f**5/15 + 3*f**2. Let x(n) be the third derivative of z(n). What is x(1)?
5
Suppose -2 + 4 = v. Suppose v*n - 3 = b, -3 = 3*b + n - 1. Let d(s) = -4*s + 1. What is d(b)?
5
Let x(v) = -2*v - 4. Suppose -4*a = -5*p - 23, 6*a - 13 = p + a. Let w be x(p). Let m(g) = 0*g**2 + g**w - 5*g + 0*g**2 - 1. What is m(5)?
-1
Let b(o) be the first derivative of -o**3/3 + 3*o**2 - 4*o + 33. Let s(l) = l**2 + 4*l + 6. Let c be s(-4). Determine b(c).
-4
Let h(g) = -4*g**3 + 4*g**2 - 4*g - 5. Let i(m) = 8 + 5*m**3 + 8 + 2*m**3 - 6 - 7*m**2 + 7*m. Let o(b) = -5*h(b) - 3*i(b). Give o(0).
-5
Suppose -13 = g - 4*k, 2*g - 2*k = k - 11. Let v(h) = 2*h - 3. Let f be v(3). Let n(q) = -2*q + 3. Let t(w) = w - 1. Let y(c) = f*t(c) + n(c). Give y(g).
-1
Let u = 32 - 11. Let x(h) = -17 + 3*h + u + h**3 + 0*h - 5*h**2. What is x(4)?
0
Suppose -3*t = i + 16, 5*t + 6*i + 40 = i. Let y(o) = -o + 2. Determine y(t).
6
Suppose -9*g - 70 = -4*g. Let a = g - -20. Let w(q) = -1 + 0*q + a - q - 1. Determine w(4).
0
Let o(d) = 2*d + 2. Let j be 1/3*(4 - -8). Suppose j*u = 4 - 12. Determine o(u).
-2
Let y be (-57)/(-12) + (-3)/(-12). Let g(d) = d**2 + 3*d. Let t(h) = -h**2 - 2*h + 1. Let c(j) = y*t(j) + 6*g(j). Calculate c(-6).
-7
Let y(l) = 2*l - 2. Let p be y(-2). Let n(q) = q**3 + 5*q**2 - 7*q - 1. Determine n(p).
5
Let f(q) = q**3 - 4*q**2 + 5*q - 4. Let w be f(3). Let h(y) = -133*y - 3 - y**2 + 280*y - 145*y. Give h(w).
-3
Let y(q) = -q**2 - 4*q + 1. Let s(i) = 4*i**2 - 4*i + i**3 - i**2 - 3 + 0 + 0. Let h be s(-4). What is y(h)?
4
Let n be 1/(42/(-35) + 1). Let v(p) = 1. Let c(t) = 2*t + 9. Let s(d) = -c(d) + 2*v(d). Calculate s(n).
3
Let w = 6 - 17. Let h(v) = 2*v**3 + v**2 + 4*v + 7. Let u(n) = 4*n**3 + 2*n**2 + 7*n + 